or of a and 9?
9
Let l be 0/2 + 2 + 1. Suppose -l = u - 13. Calculate the greatest common factor of 20 and u.
10
Let z = -18 - -20. What is the greatest common factor of 2 and z?
2
Let q be (8/3)/(1 - (-78)/(-81)). What is the greatest common divisor of q and 48?
24
Let p(s) = -s**3 + 3*s**2 + 3*s - 7. Let j be p(3). Let g be 1 + (11 - (-1 - -3)). Calculate the highest common factor of g and j.
2
Let d = -45 + 133. Suppose 197 + d = 5*m. What is the highest common factor of 19 and m?
19
Let s(x) = x**3 + 7*x**2 - 10*x - 11. Let d be s(-8). Let l(o) = 3*o - 5. Let m be l(d). Calculate the greatest common divisor of 20 and m.
10
Let h = 30 + -27. Suppose -8 = -0*w - 4*w. Calculate the highest common factor of h and w.
1
Suppose 5*o = 4 + 6. Suppose 2*h - 92 = -o*h. What is the highest common divisor of 207 and h?
23
Suppose 0*r - 4*r + 918 = 2*h, -4*r - 3*h = -915. What is the greatest common divisor of r and 21?
21
Let h = -16 + 9. Let y be 102/(-10)*(h + 2). Suppose -7*f = -2*f - 170. Calculate the highest common divisor of f and y.
17
Let h(f) = -2*f + 11. Let p be h(10). Let k = 10 + p. Let g = 39 - 28. Calculate the highest common divisor of k and g.
1
Let q(v) = v**3 + 7*v**2 + 6*v - 6. Let j be q(-6). Let h be (-45)/6*224/j. Let u = -192 + h. What is the greatest common divisor of 11 and u?
11
Suppose -2*l + 8 = -l. Let v(x) = -7*x + 3. Suppose -n - 5 = -2*p, -5*p = -4*n + 3 - 20. Let i be v(n). What is the highest common divisor of l and i?
8
Let s = -33 - -63. Calculate the highest common divisor of 75 and s.
15
Suppose -5*r - 41 - 109 = 0. Let a be r*((-2)/(-10) + -1). Let x be -6*(-4)/(a/10). Calculate the greatest common factor of 110 and x.
10
Let p(q) = q**2 + 6*q - 12. Let g be p(-8). What is the highest common factor of 44 and g?
4
Suppose -12 = -3*h - 2*p, 5 = 4*h - p - 0. Suppose -2*s + 11 = -5*w, -2*s + 22 = 5*w - 39. What is the greatest common factor of s and h?
2
Let m = -1 + 2. Let y be (4/m)/((-6)/(-3)). Suppose -y*t + 24 = -24. What is the highest common factor of 8 and t?
8
Let m = -91 - -133. Let j = m - -63. Calculate the highest common divisor of j and 21.
21
Let h(d) = d**2 - 4*d + 3. Let b be h(4). Suppose 8 = j + b*a, -5*j - 5*a + 0*a + 30 = 0. Let g = 3 + 17. Calculate the highest common factor of j and g.
5
Let t(i) = 4*i + 3. Let m be t(3). Let k = m - 21. Let b be k/(-4)*80/6. Calculate the highest common divisor of b and 8.
4
Let i = -2 - -5. Suppose 25 = 5*v, -2*p - 4*v + 26 = p. What is the highest common divisor of p and i?
1
Let b be (8/(-6) - -2)*156. Calculate the greatest common divisor of 13 and b.
13
Let b be (-1 + 9)*(-20)/(-4). Suppose -2*p + 55 = 39. What is the highest common factor of b and p?
8
Suppose k + 33 = 4*k. Suppose -11 = -4*w + 3*w. What is the greatest common factor of w and k?
11
Suppose -3*b + 0*b = s - 4, -5*s = 3*b + 4. Suppose -32 = r - 5*r. Calculate the highest common divisor of r and b.
2
Suppose -5*n = 3*v - 74, -3*v + 5*n + 21 + 13 = 0. What is the highest common factor of 36 and v?
18
Let w(x) = x**3 - 7*x**2 - 5*x - 7. Suppose 0 = -2*c + 4 + 12. Let g be w(c). What is the highest common divisor of 153 and g?
17
Let a(c) = 7*c**3 - c**2 - 3*c + 4. Let f be a(1). Calculate the greatest common divisor of f and 77.
7
Let l be 3/(-1)*(-5)/(-15). Let x be 2 + (-24)/(l + -2). Let c(q) = -q**3 + 5*q**2 - 4*q + 2. Let r be c(4). What is the highest common factor of r and x?
2
Let d = -3 - -16. Suppose 2*t = 3*x + 22, -2*t + 7 + d = -4*x. Calculate the greatest common factor of 35 and t.
7
Suppose a + 9 = 4*a. Let q be (2 + -4)/(1/(-2)). Let d(z) = -z + 7. Let o be d(q). Calculate the highest common divisor of a and o.
3
Let f(y) = -15*y - 11. Let k(j) = 7*j + 5. Let x(l) = -4*f(l) - 9*k(l). Let m be x(-2). What is the highest common divisor of 20 and m?
5
Let w = -58 + 168. Let i be 2/(-6) - 62/(-6). Calculate the highest common factor of i and w.
10
Suppose 4*c = 5*u - u - 64, 34 = 4*u + 2*c. Let d = -28 + 28. Suppose d*o - 4*o = -88. Calculate the greatest common divisor of o and u.
11
Let u = 310 - 155. Calculate the greatest common divisor of 62 and u.
31
Suppose f = -3, -293 - 119 = -5*m + 4*f. Suppose 2*b + 3*x - 29 = 0, 0 = 8*b - 4*b + 2*x - 46. What is the greatest common divisor of m and b?
10
Suppose 7*m = 2*m. Let n = m - -25. What is the highest common factor of 100 and n?
25
Let h(p) be the second derivative of 3*p**5/10 - p**3/6 - p. Let n be h(1). Calculate the greatest common divisor of n and 55.
5
Let k(g) = 9*g**2 - 10*g - 8. Let z be k(4). Calculate the highest common factor of z and 24.
24
Suppose -2 = -s + 2. Calculate the highest common divisor of s and 24.
4
Suppose 8*s = 10*s - 98. What is the greatest common divisor of s and 21?
7
Let i(s) = -9*s. Let t = -8 - 1. Let u be i(t). Calculate the greatest common factor of u and 9.
9
Let f(q) = -13*q + 6. Let p be f(-3). Calculate the greatest common divisor of 15 and p.
15
Suppose -2*y - 34 = -y. Let k = y + -37. Let s = k + 125. Calculate the highest common divisor of 6 and s.
6
Suppose w + 5*w = 528. What is the greatest common factor of w and 8?
8
Let c be (14/10)/(1/(-10)*-2). Calculate the highest common divisor of 7 and c.
7
Let c(v) = -23*v + 25. Let b be c(-9). What is the greatest common factor of b and 29?
29
Suppose -5*m = -8*m + 555. What is the greatest common divisor of 74 and m?
37
Let k = 192 + -137. What is the highest common factor of 5 and k?
5
Let v = -6 - -34. Suppose 4*s + v = 3*j, -2*j + 13 = -j - 5*s. Let k(o) = 2*o**2 - 10*o + 12. Let t be k(j). Calculate the greatest common factor of 15 and t.
15
Suppose 3*q - 4*f + 3*f - 19 = 0, q + 2*f - 18 = 0. What is the greatest common divisor of 4 and q?
4
Suppose 4*y + 209 = 5*r, 2*r - y - 221 = -3*r. Let k(a) = -a**3 - 11*a**2 - 13*a - 15. Let d be k(-10). What is the highest common divisor of d and r?
15
Let s(o) = -16*o. Let h be s(-1). Suppose 0 = 3*w - 103 - 41. What is the greatest common divisor of h and w?
16
Suppose 0 = -5*n + n. Let r be (20/6 + n)*3. What is the greatest common divisor of r and 30?
10
Let k be 2/(-5) - 434/(-35). Let x = 19 - k. Suppose 4*c - 140 = -c. What is the greatest common factor of c and x?
7
Let c be ((-16)/5)/(2/(-25)). Let h be (9/(-6))/(3/(-40)). What is the highest common divisor of c and h?
20
Suppose -i + 9*i = 952. Calculate the greatest common divisor of i and 17.
17
Let z be 79 + 2/2 - 0. Let n(o) = o - 1. Let i be n(3). Suppose k - 12 = -i. Calculate the highest common divisor of z and k.
10
Suppose 11*c - 288 = 2*c. What is the greatest common divisor of c and 2?
2
Let k = -6 - 57. Let s be 14/k + 92/9. What is the highest common divisor of s and 10?
10
Let r(z) = 16*z**2 - 2*z - 5. Let d be r(4). Let m = 433 - d. What is the highest common factor of m and 19?
19
Let x(a) = a**2 + 2*a - 2. Let i be x(-4). Let z = 1 + 23. Calculate the highest common factor of i and z.
6
Suppose -5*r + 88 + 137 = 0. Let t = r + 0. Suppose 20 = 2*a + 5*s - 19, -5*a + 5*s + t = 0. Calculate the greatest common divisor of a and 12.
12
Let j(c) = c**2 - 2*c + 2. Let u be j(-4). Calculate the greatest common divisor of u and 234.
26
Let k be (10/5)/((-1)/(-2)). Suppose 2 = 2*s - k. Let u be s/(-6)*(-66)/3. What is the greatest common divisor of u and 11?
11
Let h be 7*1 + (-14 - -12). Let g = 9 - h. Calculate the highest common factor of 1 and g.
1
Let k = 2 + 3. Let u = 209 - 159. What is the highest common factor of u and k?
5
Suppose -5*y = 2*d - 30, 3*d = d - 3*y + 22. Suppose 0*i - 40 = -4*i. Calculate the highest common factor of i and d.
5
Let k(h) = h + 4. Let c be k(0). Suppose -16 = -j - 5*l, -41 = -0*j - c*j + 3*l. What is the highest common divisor of 77 and j?
11
Let a(g) = 9 + 8*g - 2*g + g - g. Let d be a(6). Calculate the highest common divisor of 5 and d.
5
Let h be (-16)/10 + 2/(-5). Let b be ((-15)/h)/(1/6). Calculate the greatest common factor of 15 and b.
15
Let j = -138 - -208. What is the greatest common factor of 10 and j?
10
Let g(k) = -k + 21. Let w be g(-4). Calculate the highest common factor of 275 and w.
25
Let f(h) = h**3 - 2*h**2 - h - 3. Let x be f(3). Suppose x*v = 6*v - 39. Calculate the highest common factor of v and 143.
13
Let q(h) = -2*h**3 - 9*h**2 - 7*h - 2. Let b be q(-6). W